c).
2
Let q(s) = 1 + 0 - s + 3. Let x be (-1)/(((-10)/6)/(-5)). Give q(x).
7
Let s be 2 + (-12)/7 - 180/42. Let d(i) = -2 - 2 + 2*i - 3*i. Determine d(s).
0
Let r(z) be the first derivative of 5*z**2/2 - z + 3. Determine r(1).
4
Let u(f) be the third derivative of -f**4/24 - 7*f**3/6 - 3*f**2. Determine u(-3).
-4
Let a(o) = -o + 2. Suppose -25 = -5*j, 5*u - 2*j - 50 = 3*j. Let t be (24/u)/((-2)/(-5)). Suppose h + 27 = -4*n - 4*h, -21 = 3*n + t*h. What is a(n)?
5
Let g(z) = 8*z**2 - 7*z - 13*z + 12*z - z**3 - 8. What is g(7)?
-15
Let k(p) = -6*p**2 + 8*p - 2. Let r = -29 - -15. Let m(d) = -d**2 + d - 2 + 2. Let h(o) = r*m(o) + 2*k(o). Determine h(-3).
8
Let y(p) = 10*p - 12*p - 4 + 4. Calculate y(-2).
4
Suppose 2*r - 4*p - 4 = 0, -20 = -r - 2*r - p. Suppose 4*h = 3*h - r. Let a(o) = -o**2 + 3. Let g(s) = s**2 - 3. Let k(q) = h*a(q) - 7*g(q). Determine k(0).
3
Let s = -36 - -35. Let a(o) = -8*o**2 + 1. What is a(s)?
-7
Let s(f) = -4 - 40*f + 22*f + 19*f. Give s(-5).
-9
Suppose 2*l + 4 = -f, -2*l = -0*l + 6. Let a(t) be the third derivative of 0 + 0*t + 1/2*t**3 + 2*t**f - 1/12*t**5 - 1/24*t**4 + 1/120*t**6. Give a(5).
-2
Let n(z) = 0*z - 5 + z + 6 + 4*z. Let x = 2 - 3. Give n(x).
-4
Let n(h) = h + 4*h**2 - 3*h**2 - 6*h + 2*h. Let b be (6/4)/((-12)/(-16)). Suppose 0 = -4*c + 5*c, -5*z + 20 = b*c. Determine n(z).
4
Let p(h) = -h**3 + 16*h**2 - 13*h - 35. Let w be p(15). Let d(x) be the first derivative of x**3/3 + 5*x**2/2 + 2*x + 1. What is d(w)?
2
Suppose 5*v + 3*d - 15 = 0, 0 = -5*v - 5*d + 16 - 1. Let n(s) = -2 + 3 + v*s - s. Let f be -8*(2/(-7))/((-4)/7). What is n(f)?
-7
Let c = 31 + -31. Let y(d) = d**3 + d**2 + d + 7. Calculate y(c).
7
Let d = 1 - -3. Let x(b) = -d*b + 2*b + 4*b - 3*b. Let u be x(4). Let c(m) = -m**2 - 3*m - 2. Give c(u).
-6
Suppose 11*t - 9*t = 30. Let l(x) = 4*x - t - x**2 + 14 + 4*x. Determine l(5).
14
Let k(n) = -n**3 + 4*n**2 - n. Let c be k(3). Let d(m) = -m + 3. Let j(b) = -b + 3. Let w(v) = 5*d(v) - 4*j(v). Give w(c).
-3
Let y(s) = 5*s**2 - 4*s + 3. Let z(q) = 9*q**2 - 7*q + 5. Let x(d) = 7*y(d) - 4*z(d). Give x(-2).
-3
Suppose 20 = -6*x - 10. Let h(y) = -9*y**3 - 12*y**2 - y - 3. Let k(q) = 4*q**3 + 6*q**2 + q + 1. Let f(v) = 3*h(v) + 7*k(v). Give f(x).
3
Let i(l) be the first derivative of 1/24*l**4 + 0*l**2 - 2 + 1/60*l**5 + 0*l - 1/3*l**3 + 1/180*l**6. Let j(p) be the third derivative of i(p). What is j(-1)?
1
Suppose 16 = 3*k - 7*k. Let c(y) = y + 1. Give c(k).
-3
Let y(g) = -g**2 - 11*g - 2. Suppose a - 44 = 4*k, 2*a = 3*k - 0*a + 38. Calculate y(k).
8
Let m(h) = 14*h**2 - 41*h + 26. Let f(i) = -5*i**2 + 14*i - 9. Let o(b) = -17*f(b) - 6*m(b). Determine o(-8).
-3
Suppose 3*w - 3*g - 9 = 0, -2*g = 2*w + w - 9. Let y(c) = 1 + 2*c - w*c - 2. Give y(4).
-5
Let s(j) = -8*j - 38. Let w be s(-4). Let p(h) = -h - 7. What is p(w)?
-1
Let x = 17 - 9. Suppose 0 = 3*j + 1 + x. Let r(l) = -l**2 - 3*l - 4. Determine r(j).
-4
Let u(v) = v**3 + 2*v**2 - 8*v + 4. Let m be u(-4). Let f(r) be the second derivative of r**5/20 - 5*r**4/12 + 5*r**3/6 + r**2/2 - r. Determine f(m).
5
Let n(x) = x**3 - 3*x**2 + 1. Let c be (-4)/(-4) + (-1 - -3). Determine n(c).
1
Let o be 2/12 - (-386)/(-12). Let t be 4/(-14) + o/(-14). Let f(s) = 3*s - 4 - 2*s - s**t + 6*s - 1. Calculate f(4).
7
Let n(r) = -11*r - 2*r**2 - 4 - 5*r**2 + 0*r**2 + 5*r**3. Let a(w) = -2*w**3 + 2*w**2 + 4*w + 1. Let v(i) = 8*a(i) + 3*n(i). What is v(-5)?
1
Let c(l) be the first derivative of -l**7/105 + l**6/180 - l**4/24 - l**3/3 - 3. Let h(m) be the third derivative of c(m). What is h(1)?
-7
Let h = 6 - 1. Let j(z) be the third derivative of z**7/5040 + z**5/60 - 3*z**2. Let w(l) be the third derivative of j(l). Give w(h).
5
Let o(b) = -b**2 + 7*b - 4. Let u = 15 + -9. Let h be o(u). Let g(y) = -2*y + 2. Give g(h).
-2
Suppose 20 = 5*z - 55. Suppose 0 = m - 6 + z. Let j(h) = -5*h - 1. Let x(f) = 19*f + 5. Let w(l) = m*j(l) - 2*x(l). Determine w(1).
6
Let c(z) = 2*z + 3. Let s be c(-3). Let b be (4 + -1)*(-14)/6. Let q be s*(b/3 + 1). Let f(y) = -y**3 + 3*y**2 + 6*y - 1. Give f(q).
7
Let b = -6 - -4. Let n(k) = 3*k + 2. Give n(b).
-4
Let g(d) be the first derivative of d**5/20 - d**4/2 + 5*d**3/6 - 7*d**2/2 + 5*d + 3. Let b(j) be the first derivative of g(j). Give b(5).
-7
Let m(u) be the third derivative of u**9/60480 + u**8/4032 + u**7/1008 - u**6/180 + u**5/20 - u**2. Let b(f) be the third derivative of m(f). Calculate b(-4).
-8
Let c(x) = 2*x**2 + 1. Suppose 0*q - 3*g = q + 11, 5*q = -2*g + 10. Suppose -q*d - 3*h = -16, 0*h = 3*d + 5*h - 23. Suppose -k - 3 = -d. Give c(k).
9
Let d(h) = h**3 - 7*h**2 - 5*h - 11. Suppose -3*r + 15 = -9. Calculate d(r).
13
Let g(a) = -3*a - 6. Suppose 5*f = -52 - 38. Let r be (-2)/8 - f/8. Suppose 0 = -r*d - 2*d - 16. Calculate g(d).
6
Let l = 0 - 0. Let x be -1 + l/3 + -2. Let t = -3 - x. Let d(n) = -n. What is d(t)?
0
Let z(b) be the first derivative of b**4/4 + 4*b**3/3 - 2*b**2 + 5*b - 1. Let x = -83 - -78. Calculate z(x).
0
Let t = 3 + -7. Let k(b) = -b**2 - 6*b - 4. Give k(t).
4
Let u(s) = 4*s**2 + 3 - 3 - 1 + 4*s - 6*s**2. Suppose 10*x - 15 = 5*x. Calculate u(x).
-7
Let a(u) = 7*u + 1. Let z(w) = w**3 + 6*w**2 + 3*w - 12. Let x be z(-5). Give a(x).
-13
Let h(c) = -c - 4. Let i(s) = -6*s - 23. Let l(g) = -34*h(g) + 6*i(g). Determine l(-3).
4
Let w be -6 - (-10)/(-5) - -2. Let z(j) = 2 + 3*j**2 + j**3 - 5 + 3*j**2. Determine z(w).
-3
Let h(a) = -3*a + 6. Let b(m) = -m. Let g(j) = -6*b(j) + h(j). Determine g(-4).
-6
Let g(o) = -4*o - 18. Let c(x) = -3*x - 17. Let t(v) = 5*c(v) - 4*g(v). What is t(8)?
-5
Suppose -1 - 5 = -3*l. Let i(r) = 0 - 2*r - 3 + l - 3. Calculate i(-4).
4
Let g(d) be the first derivative of d**5/20 - d**4/4 + 2*d**3/3 - 2*d**2 - d + 2. Let l(c) be the first derivative of g(c). What is l(3)?
8
Let w(s) be the second derivative of s**3/6 - 3*s**2 - 4*s. Give w(7).
1
Let p(h) = 35*h**3 - 21*h**3 + 6 - 15*h**3 + h**2. What is p(0)?
6
Let h(y) = -9*y - y**2 - 9 + 0*y**2 + 2*y**2 + 0*y. Calculate h(10).
1
Let o(d) = d - 1. Let m(z) = -4*z + 2. Let b(q) = -2*m(q) - 7*o(q). Let t = -8 + 13. Suppose 12 = -2*k + t*k. Calculate b(k).
7
Let f(o) = 2*o**2 + 6*o - 2. Let p(h) = h**2 + 7*h - 2. Let d(n) = -2*f(n) + 3*p(n). Calculate d(6).
16
Let g = 22 + -26. Let k(p) = -p**3 - 6*p**2 - 5*p + 3. Give k(g).
-9
Suppose 0 = -j - 5*f + 1, j - 4*j - 3*f - 21 = 0. Let s be 1/((3/j)/(-1)). Let p(v) = -v - 7*v**3 + v**s + 0*v + 1. Give p(1).
-6
Let i(n) = -2*n + 27. Let a be (-1 - -2) + 0 - -1. Let v(u) = -a*u + u + 2*u - 14. Let z(p) = -3*i(p) - 5*v(p). Determine z(0).
-11
Suppose 6*s + 5 = s. Let v(x) be the second derivative of x**6/120 + x**4/24 + x**3/6 + 2*x. Let t(f) be the second derivative of v(f). What is t(s)?
4
Let p(t) = 4*t**3 - 2*t**2 + t + 2. Let b(g) = 7*g**3 - 5*g**2 + 2*g + 3. Let j(r) = -3*b(r) + 5*p(r). Determine j(5).
-4
Let j(s) = -s - 2. Let w be j(-5). Let k(b) = -5*b**3 + 4*b**w + 3*b - 7 + 6*b**2 + 2*b**3. Calculate k(-5).
3
Suppose -6*o + 2*o + 5*g + 48 = 0, o = -2*g - 1. Let j(h) = -2 - h + o + 2*h. Calculate j(0).
5
Suppose -5*k = -13 - 2. Suppose -3*x - b + 5 = k*b, 1 = -x - 2*b. Let u(z) = z**3 - 6*z**2 - 7*z - 2. Determine u(x).
-2
Let h(k) = k**3 - 2*k**2 - 6*k + 4. Suppose -g + 3*s + 14 = 5*s, 0 = 4*g + 4*s - 36. What is h(g)?
12
Suppose 2*a = 6*a - 8. Let p(s) = -6*s**3 - 19*s**2 + 30*s + 36. Let q(k) = k**3 + 4*k**2 - 6*k - 7. Let m(l) = a*p(l) + 11*q(l). What is m(5)?
-10
Suppose 2 + 1 = 3*n. Let d(p) = -1 - n + 0 - 4*p**2 + 1. Give d(-1).
-5
Let l(g) = -2*g**2 - 4*g - 5. Let w(o) = -o**2 - 3*o - 6. Let s(k) = -2*l(k) + 3*w(k). Calculate s(6).
22
Let r be ((-3)/(-2))/((-3)/4). Let w(l) = 8*l + 7. Suppose 14 = -5*u - 11. Let g(q) = 4*q + 4. Let a(s) = u*g(s) + 3*w(s). Calculate a(r).
-7
Let z(o) = -o**2 - 7*o - 5. Let t be z(-4). Let s(w) = w - 8. Determine s(t).
-1
Let c(b) = b**3 + b + 11. Let h be c(0). Let t = h + -15. Let r(g) = -2*g - 5. Calculate r(t).
3
Let y = 4 - 7. Let k(c) = 2 + 0 - c**2 + c**3 + 5*c**2 + 5*c. Calculate k(y).
-4
Let m(h) = -h**3 - 7. Suppose 2 = -2*u + b, -5*b + 10 = -3*u - u. Give m(u).
-7
Suppose 0 = -2*f - 4*f. Let p(n) = -n - 6. Calculate p(f).
-6
Let f(n) = n + 0*n + 5194 - 5197. Determine f(-8).
-11
Let z(q) be the second derivative of -q**4/12 + 4*q**3/3 - q